{"id":46,"date":"2023-03-27T13:03:48","date_gmt":"2023-03-27T11:03:48","guid":{"rendered":"https:\/\/archeoparkvsestary.cz\/?page_id=46"},"modified":"2026-02-16T13:16:37","modified_gmt":"2026-02-16T12:16:37","slug":"nabidka-programu","status":"publish","type":"page","link":"http:\/\/archeoparkvsestary.cz\/?page_id=46","title":{"rendered":"Nab\u00eddka program\u016f"},"content":{"rendered":"\n<figure class=\"wp-block-table\"><table class=\"has-background\" style=\"background-color:#ddcdad\"><tbody><tr><td><strong>MATE\u0158SK\u00c9 \u0160KOLY<\/strong><br>Cena jednoho programu v d\u00e9lce <strong>45 minut<\/strong> je <strong>50,- K\u010d<\/strong> za osobu.<\/td><\/tr><\/tbody><\/table><\/figure>\n\n\n\n<figure class=\"wp-block-table\"><table><tbody><tr><td><strong>n\u00e1zev<\/strong><\/td><td><strong>max. po\u010det d\u011bt\u00ed<\/strong><\/td><td><strong>term\u00edny program\u016f<\/strong><\/td><\/tr><tr><td><em><a href=\"https:\/\/archeoparkvsestary.cz\/?page_id=241\">Cesta do minulosti \u00bb<\/a><\/em><\/td><td>25<\/td><td>z\u00e1\u0159\u00ed-\u010derven<\/td><\/tr><tr><td><em><a href=\"https:\/\/archeoparkvsestary.cz\/?page_id=251\">Muziko, te\u010f tu moji! (Hudba v prav\u011bku) \u00bb<\/a><\/em><\/td><td>25<\/td><td>z\u00e1\u0159\u00ed-\u010derven<\/td><\/tr><tr><td><em><a href=\"https:\/\/archeoparkvsestary.cz\/?page_id=247\">Co vid\u00edme, v\u0161echno sn\u00edme? (J\u00eddlo v prav\u011bku) \u00bb<\/a><\/em><\/td><td>25<\/td><td>duben-\u010derven<\/td><\/tr><\/tbody><\/table><\/figure>\n\n\n\n<figure class=\"wp-block-table\"><table class=\"has-background\" style=\"background-color:#ddcdad\"><tbody><tr><td><strong>I. STUPE\u0147 Z\u00c1KLADN\u00cdCH \u0160KOL<\/strong><br>Cena jednoho programu v d\u00e9lce <strong>60 minut<\/strong> je <strong>65,- K\u010d<\/strong> za osobu.<\/td><\/tr><\/tbody><\/table><\/figure>\n\n\n\n<figure class=\"wp-block-table\"><table><tbody><tr><td><strong>n\u00e1zev<\/strong><\/td><td><strong>max. po\u010det d\u011bt\u00ed<\/strong><\/td><td><strong>term\u00edny program\u016f<\/strong><\/td><\/tr><tr><td><em><a href=\"https:\/\/archeoparkvsestary.cz\/?page_id=243\">Lovci posledn\u00ed doby ledov\u00e9 \u00bb<\/a><\/em><\/td><td>25<\/td><td>z\u00e1\u0159\u00ed-\u010derven<\/td><\/tr><tr><td><em><a href=\"https:\/\/archeoparkvsestary.cz\/?page_id=245\">\u017divot prvn\u00edch zem\u011bd\u011blc\u016f \u00bb<\/a><\/em><\/td><td>25<\/td><td>z\u00e1\u0159\u00ed-\u010derven<\/td><\/tr><tr><td><em><a href=\"https:\/\/archeoparkvsestary.cz\/?page_id=251\">Muziko, te\u010f tu moji! (Hudba v prav\u011bku) \u00bb<\/a><\/em><\/td><td>25<\/td><td>z\u00e1\u0159\u00ed-\u010derven<\/td><\/tr><tr><td><em><a href=\"https:\/\/archeoparkvsestary.cz\/?page_id=253\">Kr\u00e1sa prav\u011bk\u00e9 keramiky \u00bb<\/a><\/em><\/td><td>25<\/td><td>z\u00e1\u0159\u00ed-\u010derven<\/td><\/tr><tr><td><em><a href=\"https:\/\/archeoparkvsestary.cz\/?page_id=253\"><em><a href=\"https:\/\/archeoparkvsestary.cz\/?page_id=247\">Co vid\u00edme, v\u0161echno sn\u00edme? (J\u00eddlo v prav\u011bku) \u00bb<\/a><\/em><\/a><\/em><\/td><td>25<\/td><td>duben-\u010derven<\/td><\/tr><tr><td><em><a href=\"https:\/\/archeoparkvsestary.cz\/?page_id=257\">Jak Keltov\u00e9 ke kalhot\u00e1m p\u0159i\u0161li. (Textiln\u00ed techniky prav\u011bku) \u00bb<\/a><\/em><\/td><td>25<\/td><td>duben-\u010derven<\/td><\/tr><\/tbody><\/table><\/figure>\n\n\n\n<figure class=\"wp-block-table\"><table class=\"has-background\" style=\"background-color:#ddcdad\"><tbody><tr><td><strong>II. STUPE\u0147 Z\u00c1KLADN\u00cdCH \u0160KOL<\/strong><br>Cena jednoho programu v d\u00e9lce <strong>60 minut<\/strong> je <strong>65,- K\u010d<\/strong> za osobu.<\/td><\/tr><\/tbody><\/table><\/figure>\n\n\n\n<figure class=\"wp-block-table\"><table><tbody><tr><td><strong>n\u00e1zev<\/strong><\/td><td><strong>max. po\u010det d\u011bt\u00ed<\/strong><\/td><td><strong>term\u00edny program\u016f<\/strong><\/td><\/tr><tr><td><em><a href=\"https:\/\/archeoparkvsestary.cz\/?page_id=237\">Prav\u011bk 1 \u2013 vnit\u0159n\u00ed okruh \u00bb<\/a><\/em><\/td><td>30<\/td><td>z\u00e1\u0159\u00ed-\u010derven<\/td><\/tr><tr><td><em><a href=\"https:\/\/archeoparkvsestary.cz\/?page_id=239\">Prav\u011bk 2 \u2013 vn\u011bj\u0161\u00ed okruh \u00bb<\/a><\/em><\/td><td>30<\/td><td>z\u00e1\u0159\u00ed-\u010derven<\/td><\/tr><tr><td><em><a href=\"https:\/\/archeoparkvsestary.cz\/?page_id=259\">\u0158\u00edm \u2013 \u0159\u00edmsk\u00e1 arm\u00e1da \u00bb<\/a><\/em><\/td><td>25<\/td><td>z\u00e1\u0159\u00ed-\u010derven<\/td><\/tr><tr><td><em><a href=\"https:\/\/archeoparkvsestary.cz\/?page_id=261\">\u0158\u00edm \u2013 \u017eivot v \u0158\u00edm\u011b \u00bb<\/a><\/em><\/td><td>25<\/td><td>z\u00e1\u0159\u00ed-\u010derven<\/td><\/tr><tr><td><a href=\"https:\/\/archeoparkvsestary.cz\/?page_id=2475\"><em>Sm\u011bna je \u017eivot \u00bb<\/em><\/a>        <strong>NOVINKA<\/strong><\/td><td>25<\/td><td>z\u00e1\u0159\u00ed-\u010derven<\/td><\/tr><tr><td><em><a href=\"https:\/\/archeoparkvsestary.cz\/?page_id=247\"><em><a href=\"https:\/\/archeoparkvsestary.cz\/?page_id=251\">Muziko, te\u010f tu moji! (Hudba v prav\u011bku) \u00bb<\/a><\/em><\/a><\/em><\/td><td>25<\/td><td>z\u00e1\u0159\u00ed-\u010derven<\/td><\/tr><tr><td><em><a href=\"https:\/\/archeoparkvsestary.cz\/?page_id=253\">Kr\u00e1sa prav\u011bk\u00e9 keramiky \u00bb<\/a><\/em><\/td><td>25<\/td><td>z\u00e1\u0159\u00ed-\u010derven<\/td><\/tr><tr><td><em><a href=\"https:\/\/archeoparkvsestary.cz\/?page_id=249\">Jdeme na lov! Do boje! \u00bb<\/a><\/em><\/td><td>25<\/td><td>duben-\u010derven<\/td><\/tr><tr><td><em><a href=\"https:\/\/archeoparkvsestary.cz\/?page_id=265\">Rozd\u011bl\u00e1v\u00e1n\u00ed ohn\u011b v prav\u011bku \u00bb<\/a><\/em><\/td><td>25<\/td><td>duben-\u010derven<\/td><\/tr><tr><td><em><a href=\"https:\/\/archeoparkvsestary.cz\/?page_id=247\">Co vid\u00edme, v\u0161echno sn\u00edme? (J\u00eddlo v prav\u011bku) \u00bb<\/a><\/em><\/td><td>25<\/td><td>duben-\u010derven<\/td><\/tr><tr><td><em><a href=\"https:\/\/archeoparkvsestary.cz\/?page_id=257\">Jak Keltov\u00e9 ke kalhot\u00e1m p\u0159i\u0161li. (Textiln\u00ed techniky prav\u011bku) \u00bb<\/a><\/em><\/td><td>25<\/td><td>duben-\u010derven<\/td><\/tr><\/tbody><\/table><\/figure>\n\n\n\n<figure class=\"wp-block-table\"><table class=\"has-background\" style=\"background-color:#ddcdad\"><tbody><tr><td><strong>ST\u0158EDN\u00cd \u0160KOLY A GYMN\u00c1ZIA<\/strong><br>Cena jednoho programu v d\u00e9lce <strong>60 minut<\/strong> je <strong>65,- K\u010d<\/strong> za osobu.<\/td><\/tr><\/tbody><\/table><\/figure>\n\n\n\n<figure class=\"wp-block-table\"><table><tbody><tr><td><strong>n\u00e1zev<\/strong><\/td><td><strong>max. po\u010det d\u011bt\u00ed<\/strong><\/td><td><strong>term\u00edny program\u016f<\/strong><\/td><\/tr><tr><td><em><a href=\"https:\/\/archeoparkvsestary.cz\/?page_id=237\">Prav\u011bk 1 \u2013 vnit\u0159n\u00ed okruh \u00bb<\/a><\/em><\/td><td>30<\/td><td>z\u00e1\u0159\u00ed-\u010derven<\/td><\/tr><tr><td><em><a href=\"https:\/\/archeoparkvsestary.cz\/?page_id=239\">Prav\u011bk 2 \u2013 vn\u011bj\u0161\u00ed okruh \u00bb<\/a><\/em><\/td><td>30<\/td><td>z\u00e1\u0159\u00ed-\u010derven<\/td><\/tr><tr><td><em><a href=\"https:\/\/archeoparkvsestary.cz\/?page_id=263\">\u0158\u00edman\u00e9 a Germ\u00e1ni u n\u00e1s \u00bb<\/a><\/em><\/td><td>30<\/td><td>z\u00e1\u0159\u00ed-\u010derven<\/td><\/tr><tr><td><a href=\"https:\/\/archeoparkvsestary.cz\/?page_id=2475\"><em>Sm\u011bna je \u017eivot \u00bb<\/em><\/a>      <strong>NOVINKA<\/strong><\/td><td>25<\/td><td>z\u00e1\u0159\u00ed-\u010derven<\/td><\/tr><tr><td><em><em><a href=\"https:\/\/archeoparkvsestary.cz\/?page_id=251\">Muziko, te\u010f tu moji! (Hudba v prav\u011bku) \u00bb<\/a><\/em><\/em><\/td><td>25<\/td><td>z\u00e1\u0159\u00ed-\u010derven<\/td><\/tr><tr><td><em><a href=\"https:\/\/archeoparkvsestary.cz\/?page_id=249\">Jdeme na lov! Do boje! \u00bb<\/a><\/em><\/td><td>25<\/td><td>duben-\u010derven<\/td><\/tr><tr><td><em><a href=\"https:\/\/archeoparkvsestary.cz\/?page_id=265\">Rozd\u011bl\u00e1v\u00e1n\u00ed ohn\u011b v prav\u011bku \u00bb<\/a><\/em><\/td><td>25<\/td><td>duben-\u010derven<\/td><\/tr><tr><td><em><a href=\"https:\/\/archeoparkvsestary.cz\/?page_id=247\">Co vid\u00edme, v\u0161echno sn\u00edme? (J\u00eddlo v prav\u011bku) \u00bb<\/a><\/em><\/td><td>25<\/td><td>duben-\u010derven<\/td><\/tr><\/tbody><\/table><\/figure>\n","protected":false},"excerpt":{"rendered":"<p>MATE\u0158SK\u00c9 \u0160KOLYCena jednoho programu v d\u00e9lce 45 minut je 50,- K\u010d za osobu. n\u00e1zev max. po\u010det d\u011bt\u00ed term\u00edny program\u016f Cesta do minulosti \u00bb 25 z\u00e1\u0159\u00ed-\u010derven Muziko, te\u010f tu moji! (Hudba v prav\u011bku) \u00bb 25 z\u00e1\u0159\u00ed-\u010derven Co vid\u00edme, v\u0161echno sn\u00edme? (J\u00eddlo v prav\u011bku) \u00bb 25 duben-\u010derven I. STUPE\u0147 Z\u00c1KLADN\u00cdCH \u0160KOLCena jednoho programu v d\u00e9lce 60 minut je 65,- K\u010d za osobu. n\u00e1zev max. po\u010det d\u011bt\u00ed term\u00edny program\u016f Lovci posledn\u00ed doby ledov\u00e9 \u00bb 25 z\u00e1\u0159\u00ed-\u010derven \u017divot prvn\u00edch zem\u011bd\u011blc\u016f \u00bb 25 z\u00e1\u0159\u00ed-\u010derven Muziko, te\u010f tu moji! (Hudba v prav\u011bku) \u00bb 25 z\u00e1\u0159\u00ed-\u010derven Kr\u00e1sa prav\u011bk\u00e9 keramiky \u00bb 25 z\u00e1\u0159\u00ed-\u010derven Co vid\u00edme, v\u0161echno sn\u00edme? (J\u00eddlo v prav\u011bku) \u00bb 25 duben-\u010derven Jak Keltov\u00e9 ke kalhot\u00e1m p\u0159i\u0161li. (Textiln\u00ed techniky prav\u011bku) \u00bb 25 duben-\u010derven II. STUPE\u0147 Z\u00c1KLADN\u00cdCH \u0160KOLCena jednoho programu v d\u00e9lce 60 minut je 65,- K\u010d za osobu. n\u00e1zev max. po\u010det d\u011bt\u00ed term\u00edny program\u016f Prav\u011bk 1 \u2013 vnit\u0159n\u00ed okruh \u00bb 30 z\u00e1\u0159\u00ed-\u010derven Prav\u011bk 2 \u2013 vn\u011bj\u0161\u00ed okruh \u00bb 30 z\u00e1\u0159\u00ed-\u010derven \u0158\u00edm \u2013 \u0159\u00edmsk\u00e1 arm\u00e1da \u00bb 25 z\u00e1\u0159\u00ed-\u010derven \u0158\u00edm \u2013 \u017eivot v \u0158\u00edm\u011b \u00bb 25 z\u00e1\u0159\u00ed-\u010derven Sm\u011bna je \u017eivot \u00bb NOVINKA 25 z\u00e1\u0159\u00ed-\u010derven Muziko, te\u010f tu moji! (Hudba v prav\u011bku) \u00bb 25 z\u00e1\u0159\u00ed-\u010derven Kr\u00e1sa prav\u011bk\u00e9 keramiky \u00bb 25 z\u00e1\u0159\u00ed-\u010derven Jdeme na lov! Do boje! \u00bb 25 duben-\u010derven Rozd\u011bl\u00e1v\u00e1n\u00ed ohn\u011b v prav\u011bku \u00bb 25 duben-\u010derven Co vid\u00edme, v\u0161echno sn\u00edme? (J\u00eddlo v prav\u011bku) \u00bb 25 duben-\u010derven Jak Keltov\u00e9 ke kalhot\u00e1m p\u0159i\u0161li. (Textiln\u00ed techniky prav\u011bku) \u00bb 25 duben-\u010derven ST\u0158EDN\u00cd \u0160KOLY A GYMN\u00c1ZIACena jednoho programu v d\u00e9lce 60 minut je 65,- K\u010d za osobu. n\u00e1zev max. po\u010det d\u011bt\u00ed term\u00edny program\u016f Prav\u011bk 1 \u2013 vnit\u0159n\u00ed okruh \u00bb 30 z\u00e1\u0159\u00ed-\u010derven Prav\u011bk 2 \u2013 vn\u011bj\u0161\u00ed okruh \u00bb 30 z\u00e1\u0159\u00ed-\u010derven \u0158\u00edman\u00e9 a Germ\u00e1ni u n\u00e1s \u00bb 30 z\u00e1\u0159\u00ed-\u010derven Sm\u011bna je \u017eivot \u00bb NOVINKA 25 z\u00e1\u0159\u00ed-\u010derven Muziko, te\u010f tu moji! (Hudba v prav\u011bku) \u00bb 25 z\u00e1\u0159\u00ed-\u010derven Jdeme na lov! Do boje! \u00bb 25 duben-\u010derven Rozd\u011bl\u00e1v\u00e1n\u00ed ohn\u011b v prav\u011bku \u00bb 25 duben-\u010derven Co vid\u00edme, v\u0161echno sn\u00edme? (J\u00eddlo v prav\u011bku) \u00bb 25 duben-\u010derven<\/p>\n","protected":false},"author":1,"featured_media":0,"parent":33,"menu_order":1,"comment_status":"closed","ping_status":"closed","template":"","meta":{"_monsterinsights_skip_tracking":false,"_monsterinsights_sitenote_active":false,"_monsterinsights_sitenote_note":"","_monsterinsights_sitenote_category":0,"footnotes":"[]"},"class_list":["post-46","page","type-page","status-publish","hentry"],"yoast_head":"<!-- This site is optimized with the Yoast SEO plugin v26.7 - https:\/\/yoast.com\/wordpress\/plugins\/seo\/ -->\n<title>Nab\u00eddka program\u016f - Archeopark prav\u011bku V\u0161estary<\/title>\n<meta name=\"robots\" content=\"index, follow, max-snippet:-1, max-image-preview:large, max-video-preview:-1\" \/>\n<link rel=\"canonical\" href=\"http:\/\/archeoparkvsestary.cz\/?page_id=46\" \/>\n<meta property=\"og:locale\" content=\"cs_CZ\" \/>\n<meta property=\"og:type\" content=\"article\" \/>\n<meta property=\"og:title\" content=\"Nab\u00eddka program\u016f - Archeopark prav\u011bku V\u0161estary\" \/>\n<meta property=\"og:description\" content=\"MATE\u0158SK\u00c9 \u0160KOLYCena jednoho programu v d\u00e9lce 45 minut je 50,- K\u010d za osobu. n\u00e1zev max. po\u010det d\u011bt\u00ed term\u00edny program\u016f Cesta do minulosti \u00bb 25 z\u00e1\u0159\u00ed-\u010derven Muziko, te\u010f tu moji! (Hudba v prav\u011bku) \u00bb 25 z\u00e1\u0159\u00ed-\u010derven Co vid\u00edme, v\u0161echno sn\u00edme? (J\u00eddlo v prav\u011bku) \u00bb 25 duben-\u010derven I. STUPE\u0147 Z\u00c1KLADN\u00cdCH \u0160KOLCena jednoho programu v d\u00e9lce 60 minut je 65,- K\u010d za osobu. n\u00e1zev max. po\u010det d\u011bt\u00ed term\u00edny program\u016f Lovci posledn\u00ed doby ledov\u00e9 \u00bb 25 z\u00e1\u0159\u00ed-\u010derven \u017divot prvn\u00edch zem\u011bd\u011blc\u016f \u00bb 25 z\u00e1\u0159\u00ed-\u010derven Muziko, te\u010f tu moji! (Hudba v prav\u011bku) \u00bb 25 z\u00e1\u0159\u00ed-\u010derven Kr\u00e1sa prav\u011bk\u00e9 keramiky \u00bb 25 z\u00e1\u0159\u00ed-\u010derven Co vid\u00edme, v\u0161echno sn\u00edme? (J\u00eddlo v prav\u011bku) \u00bb 25 duben-\u010derven Jak Keltov\u00e9 ke kalhot\u00e1m p\u0159i\u0161li. (Textiln\u00ed techniky prav\u011bku) \u00bb 25 duben-\u010derven II. STUPE\u0147 Z\u00c1KLADN\u00cdCH \u0160KOLCena jednoho programu v d\u00e9lce 60 minut je 65,- K\u010d za osobu. n\u00e1zev max. po\u010det d\u011bt\u00ed term\u00edny program\u016f Prav\u011bk 1 \u2013 vnit\u0159n\u00ed okruh \u00bb 30 z\u00e1\u0159\u00ed-\u010derven Prav\u011bk 2 \u2013 vn\u011bj\u0161\u00ed okruh \u00bb 30 z\u00e1\u0159\u00ed-\u010derven \u0158\u00edm \u2013 \u0159\u00edmsk\u00e1 arm\u00e1da \u00bb 25 z\u00e1\u0159\u00ed-\u010derven \u0158\u00edm \u2013 \u017eivot v \u0158\u00edm\u011b \u00bb 25 z\u00e1\u0159\u00ed-\u010derven Sm\u011bna je \u017eivot \u00bb NOVINKA 25 z\u00e1\u0159\u00ed-\u010derven Muziko, te\u010f tu moji! (Hudba v prav\u011bku) \u00bb 25 z\u00e1\u0159\u00ed-\u010derven Kr\u00e1sa prav\u011bk\u00e9 keramiky \u00bb 25 z\u00e1\u0159\u00ed-\u010derven Jdeme na lov! Do boje! \u00bb 25 duben-\u010derven Rozd\u011bl\u00e1v\u00e1n\u00ed ohn\u011b v prav\u011bku \u00bb 25 duben-\u010derven Co vid\u00edme, v\u0161echno sn\u00edme? (J\u00eddlo v prav\u011bku) \u00bb 25 duben-\u010derven Jak Keltov\u00e9 ke kalhot\u00e1m p\u0159i\u0161li. (Textiln\u00ed techniky prav\u011bku) \u00bb 25 duben-\u010derven ST\u0158EDN\u00cd \u0160KOLY A GYMN\u00c1ZIACena jednoho programu v d\u00e9lce 60 minut je 65,- K\u010d za osobu. n\u00e1zev max. po\u010det d\u011bt\u00ed term\u00edny program\u016f Prav\u011bk 1 \u2013 vnit\u0159n\u00ed okruh \u00bb 30 z\u00e1\u0159\u00ed-\u010derven Prav\u011bk 2 \u2013 vn\u011bj\u0161\u00ed okruh \u00bb 30 z\u00e1\u0159\u00ed-\u010derven \u0158\u00edman\u00e9 a Germ\u00e1ni u n\u00e1s \u00bb 30 z\u00e1\u0159\u00ed-\u010derven Sm\u011bna je \u017eivot \u00bb NOVINKA 25 z\u00e1\u0159\u00ed-\u010derven Muziko, te\u010f tu moji! (Hudba v prav\u011bku) \u00bb 25 z\u00e1\u0159\u00ed-\u010derven Jdeme na lov! Do boje! \u00bb 25 duben-\u010derven Rozd\u011bl\u00e1v\u00e1n\u00ed ohn\u011b v prav\u011bku \u00bb 25 duben-\u010derven Co vid\u00edme, v\u0161echno sn\u00edme? (J\u00eddlo v prav\u011bku) \u00bb 25 duben-\u010derven\" \/>\n<meta property=\"og:url\" content=\"http:\/\/archeoparkvsestary.cz\/?page_id=46\" \/>\n<meta property=\"og:site_name\" content=\"Archeopark prav\u011bku V\u0161estary\" \/>\n<meta property=\"article:publisher\" content=\"https:\/\/www.facebook.com\/archeoparkvsestary\/\" \/>\n<meta property=\"article:modified_time\" content=\"2026-02-16T12:16:37+00:00\" \/>\n<meta name=\"twitter:card\" content=\"summary_large_image\" \/>\n<meta name=\"twitter:label1\" content=\"Odhadovan\u00e1 doba \u010dten\u00ed\" \/>\n\t<meta name=\"twitter:data1\" content=\"2 minuty\" \/>\n<script type=\"application\/ld+json\" class=\"yoast-schema-graph\">{\"@context\":\"https:\/\/schema.org\",\"@graph\":[{\"@type\":\"WebPage\",\"@id\":\"http:\/\/archeoparkvsestary.cz\/?page_id=46\",\"url\":\"http:\/\/archeoparkvsestary.cz\/?page_id=46\",\"name\":\"Nab\u00eddka program\u016f - Archeopark prav\u011bku V\u0161estary\",\"isPartOf\":{\"@id\":\"https:\/\/archeoparkvsestary.cz\/#website\"},\"datePublished\":\"2023-03-27T11:03:48+00:00\",\"dateModified\":\"2026-02-16T12:16:37+00:00\",\"breadcrumb\":{\"@id\":\"http:\/\/archeoparkvsestary.cz\/?page_id=46#breadcrumb\"},\"inLanguage\":\"cs\",\"potentialAction\":[{\"@type\":\"ReadAction\",\"target\":[\"http:\/\/archeoparkvsestary.cz\/?page_id=46\"]}]},{\"@type\":\"BreadcrumbList\",\"@id\":\"http:\/\/archeoparkvsestary.cz\/?page_id=46#breadcrumb\",\"itemListElement\":[{\"@type\":\"ListItem\",\"position\":1,\"name\":\"Home\",\"item\":\"https:\/\/archeoparkvsestary.cz\/\"},{\"@type\":\"ListItem\",\"position\":2,\"name\":\"Pro \u0161koly\",\"item\":\"http:\/\/archeoparkvsestary.cz\/?page_id=33\"},{\"@type\":\"ListItem\",\"position\":3,\"name\":\"Nab\u00eddka program\u016f\"}]},{\"@type\":\"WebSite\",\"@id\":\"https:\/\/archeoparkvsestary.cz\/#website\",\"url\":\"https:\/\/archeoparkvsestary.cz\/\",\"name\":\"Archeopark prav\u011bku V\u0161estary\",\"description\":\"Archeopark prav\u011bku V\u0161estary\",\"publisher\":{\"@id\":\"https:\/\/archeoparkvsestary.cz\/#organization\"},\"potentialAction\":[{\"@type\":\"SearchAction\",\"target\":{\"@type\":\"EntryPoint\",\"urlTemplate\":\"https:\/\/archeoparkvsestary.cz\/?s={search_term_string}\"},\"query-input\":{\"@type\":\"PropertyValueSpecification\",\"valueRequired\":true,\"valueName\":\"search_term_string\"}}],\"inLanguage\":\"cs\"},{\"@type\":\"Organization\",\"@id\":\"https:\/\/archeoparkvsestary.cz\/#organization\",\"name\":\"Archeopark prav\u011bku V\u0161estary\",\"url\":\"https:\/\/archeoparkvsestary.cz\/\",\"logo\":{\"@type\":\"ImageObject\",\"inLanguage\":\"cs\",\"@id\":\"https:\/\/archeoparkvsestary.cz\/#\/schema\/logo\/image\/\",\"url\":\"https:\/\/archeoparkvsestary.cz\/wp-content\/uploads\/2023\/03\/logo_archeopark_nadoba.jpg\",\"contentUrl\":\"https:\/\/archeoparkvsestary.cz\/wp-content\/uploads\/2023\/03\/logo_archeopark_nadoba.jpg\",\"width\":300,\"height\":279,\"caption\":\"Archeopark prav\u011bku V\u0161estary\"},\"image\":{\"@id\":\"https:\/\/archeoparkvsestary.cz\/#\/schema\/logo\/image\/\"},\"sameAs\":[\"https:\/\/www.facebook.com\/archeoparkvsestary\/\"]}]}<\/script>\n<!-- \/ Yoast SEO plugin. -->","yoast_head_json":{"title":"Nab\u00eddka program\u016f - Archeopark prav\u011bku V\u0161estary","robots":{"index":"index","follow":"follow","max-snippet":"max-snippet:-1","max-image-preview":"max-image-preview:large","max-video-preview":"max-video-preview:-1"},"canonical":"http:\/\/archeoparkvsestary.cz\/?page_id=46","og_locale":"cs_CZ","og_type":"article","og_title":"Nab\u00eddka program\u016f - Archeopark prav\u011bku V\u0161estary","og_description":"MATE\u0158SK\u00c9 \u0160KOLYCena jednoho programu v d\u00e9lce 45 minut je 50,- K\u010d za osobu. n\u00e1zev max. po\u010det d\u011bt\u00ed term\u00edny program\u016f Cesta do minulosti \u00bb 25 z\u00e1\u0159\u00ed-\u010derven Muziko, te\u010f tu moji! (Hudba v prav\u011bku) \u00bb 25 z\u00e1\u0159\u00ed-\u010derven Co vid\u00edme, v\u0161echno sn\u00edme? (J\u00eddlo v prav\u011bku) \u00bb 25 duben-\u010derven I. STUPE\u0147 Z\u00c1KLADN\u00cdCH \u0160KOLCena jednoho programu v d\u00e9lce 60 minut je 65,- K\u010d za osobu. n\u00e1zev max. po\u010det d\u011bt\u00ed term\u00edny program\u016f Lovci posledn\u00ed doby ledov\u00e9 \u00bb 25 z\u00e1\u0159\u00ed-\u010derven \u017divot prvn\u00edch zem\u011bd\u011blc\u016f \u00bb 25 z\u00e1\u0159\u00ed-\u010derven Muziko, te\u010f tu moji! (Hudba v prav\u011bku) \u00bb 25 z\u00e1\u0159\u00ed-\u010derven Kr\u00e1sa prav\u011bk\u00e9 keramiky \u00bb 25 z\u00e1\u0159\u00ed-\u010derven Co vid\u00edme, v\u0161echno sn\u00edme? (J\u00eddlo v prav\u011bku) \u00bb 25 duben-\u010derven Jak Keltov\u00e9 ke kalhot\u00e1m p\u0159i\u0161li. (Textiln\u00ed techniky prav\u011bku) \u00bb 25 duben-\u010derven II. STUPE\u0147 Z\u00c1KLADN\u00cdCH \u0160KOLCena jednoho programu v d\u00e9lce 60 minut je 65,- K\u010d za osobu. n\u00e1zev max. po\u010det d\u011bt\u00ed term\u00edny program\u016f Prav\u011bk 1 \u2013 vnit\u0159n\u00ed okruh \u00bb 30 z\u00e1\u0159\u00ed-\u010derven Prav\u011bk 2 \u2013 vn\u011bj\u0161\u00ed okruh \u00bb 30 z\u00e1\u0159\u00ed-\u010derven \u0158\u00edm \u2013 \u0159\u00edmsk\u00e1 arm\u00e1da \u00bb 25 z\u00e1\u0159\u00ed-\u010derven \u0158\u00edm \u2013 \u017eivot v \u0158\u00edm\u011b \u00bb 25 z\u00e1\u0159\u00ed-\u010derven Sm\u011bna je \u017eivot \u00bb NOVINKA 25 z\u00e1\u0159\u00ed-\u010derven Muziko, te\u010f tu moji! (Hudba v prav\u011bku) \u00bb 25 z\u00e1\u0159\u00ed-\u010derven Kr\u00e1sa prav\u011bk\u00e9 keramiky \u00bb 25 z\u00e1\u0159\u00ed-\u010derven Jdeme na lov! Do boje! \u00bb 25 duben-\u010derven Rozd\u011bl\u00e1v\u00e1n\u00ed ohn\u011b v prav\u011bku \u00bb 25 duben-\u010derven Co vid\u00edme, v\u0161echno sn\u00edme? (J\u00eddlo v prav\u011bku) \u00bb 25 duben-\u010derven Jak Keltov\u00e9 ke kalhot\u00e1m p\u0159i\u0161li. (Textiln\u00ed techniky prav\u011bku) \u00bb 25 duben-\u010derven ST\u0158EDN\u00cd \u0160KOLY A GYMN\u00c1ZIACena jednoho programu v d\u00e9lce 60 minut je 65,- K\u010d za osobu. n\u00e1zev max. po\u010det d\u011bt\u00ed term\u00edny program\u016f Prav\u011bk 1 \u2013 vnit\u0159n\u00ed okruh \u00bb 30 z\u00e1\u0159\u00ed-\u010derven Prav\u011bk 2 \u2013 vn\u011bj\u0161\u00ed okruh \u00bb 30 z\u00e1\u0159\u00ed-\u010derven \u0158\u00edman\u00e9 a Germ\u00e1ni u n\u00e1s \u00bb 30 z\u00e1\u0159\u00ed-\u010derven Sm\u011bna je \u017eivot \u00bb NOVINKA 25 z\u00e1\u0159\u00ed-\u010derven Muziko, te\u010f tu moji! (Hudba v prav\u011bku) \u00bb 25 z\u00e1\u0159\u00ed-\u010derven Jdeme na lov! Do boje! \u00bb 25 duben-\u010derven Rozd\u011bl\u00e1v\u00e1n\u00ed ohn\u011b v prav\u011bku \u00bb 25 duben-\u010derven Co vid\u00edme, v\u0161echno sn\u00edme? (J\u00eddlo v prav\u011bku) \u00bb 25 duben-\u010derven","og_url":"http:\/\/archeoparkvsestary.cz\/?page_id=46","og_site_name":"Archeopark prav\u011bku V\u0161estary","article_publisher":"https:\/\/www.facebook.com\/archeoparkvsestary\/","article_modified_time":"2026-02-16T12:16:37+00:00","twitter_card":"summary_large_image","twitter_misc":{"Odhadovan\u00e1 doba \u010dten\u00ed":"2 minuty"},"schema":{"@context":"https:\/\/schema.org","@graph":[{"@type":"WebPage","@id":"http:\/\/archeoparkvsestary.cz\/?page_id=46","url":"http:\/\/archeoparkvsestary.cz\/?page_id=46","name":"Nab\u00eddka program\u016f - Archeopark prav\u011bku V\u0161estary","isPartOf":{"@id":"https:\/\/archeoparkvsestary.cz\/#website"},"datePublished":"2023-03-27T11:03:48+00:00","dateModified":"2026-02-16T12:16:37+00:00","breadcrumb":{"@id":"http:\/\/archeoparkvsestary.cz\/?page_id=46#breadcrumb"},"inLanguage":"cs","potentialAction":[{"@type":"ReadAction","target":["http:\/\/archeoparkvsestary.cz\/?page_id=46"]}]},{"@type":"BreadcrumbList","@id":"http:\/\/archeoparkvsestary.cz\/?page_id=46#breadcrumb","itemListElement":[{"@type":"ListItem","position":1,"name":"Home","item":"https:\/\/archeoparkvsestary.cz\/"},{"@type":"ListItem","position":2,"name":"Pro \u0161koly","item":"http:\/\/archeoparkvsestary.cz\/?page_id=33"},{"@type":"ListItem","position":3,"name":"Nab\u00eddka program\u016f"}]},{"@type":"WebSite","@id":"https:\/\/archeoparkvsestary.cz\/#website","url":"https:\/\/archeoparkvsestary.cz\/","name":"Archeopark prav\u011bku V\u0161estary","description":"Archeopark prav\u011bku V\u0161estary","publisher":{"@id":"https:\/\/archeoparkvsestary.cz\/#organization"},"potentialAction":[{"@type":"SearchAction","target":{"@type":"EntryPoint","urlTemplate":"https:\/\/archeoparkvsestary.cz\/?s={search_term_string}"},"query-input":{"@type":"PropertyValueSpecification","valueRequired":true,"valueName":"search_term_string"}}],"inLanguage":"cs"},{"@type":"Organization","@id":"https:\/\/archeoparkvsestary.cz\/#organization","name":"Archeopark prav\u011bku V\u0161estary","url":"https:\/\/archeoparkvsestary.cz\/","logo":{"@type":"ImageObject","inLanguage":"cs","@id":"https:\/\/archeoparkvsestary.cz\/#\/schema\/logo\/image\/","url":"https:\/\/archeoparkvsestary.cz\/wp-content\/uploads\/2023\/03\/logo_archeopark_nadoba.jpg","contentUrl":"https:\/\/archeoparkvsestary.cz\/wp-content\/uploads\/2023\/03\/logo_archeopark_nadoba.jpg","width":300,"height":279,"caption":"Archeopark prav\u011bku V\u0161estary"},"image":{"@id":"https:\/\/archeoparkvsestary.cz\/#\/schema\/logo\/image\/"},"sameAs":["https:\/\/www.facebook.com\/archeoparkvsestary\/"]}]}},"_links":{"self":[{"href":"http:\/\/archeoparkvsestary.cz\/index.php?rest_route=\/wp\/v2\/pages\/46","targetHints":{"allow":["GET"]}}],"collection":[{"href":"http:\/\/archeoparkvsestary.cz\/index.php?rest_route=\/wp\/v2\/pages"}],"about":[{"href":"http:\/\/archeoparkvsestary.cz\/index.php?rest_route=\/wp\/v2\/types\/page"}],"author":[{"embeddable":true,"href":"http:\/\/archeoparkvsestary.cz\/index.php?rest_route=\/wp\/v2\/users\/1"}],"replies":[{"embeddable":true,"href":"http:\/\/archeoparkvsestary.cz\/index.php?rest_route=%2Fwp%2Fv2%2Fcomments&post=46"}],"version-history":[{"count":5,"href":"http:\/\/archeoparkvsestary.cz\/index.php?rest_route=\/wp\/v2\/pages\/46\/revisions"}],"predecessor-version":[{"id":2478,"href":"http:\/\/archeoparkvsestary.cz\/index.php?rest_route=\/wp\/v2\/pages\/46\/revisions\/2478"}],"up":[{"embeddable":true,"href":"http:\/\/archeoparkvsestary.cz\/index.php?rest_route=\/wp\/v2\/pages\/33"}],"wp:attachment":[{"href":"http:\/\/archeoparkvsestary.cz\/index.php?rest_route=%2Fwp%2Fv2%2Fmedia&parent=46"}],"curies":[{"name":"wp","href":"https:\/\/api.w.org\/{rel}","templated":true}]}}