{"id":253,"date":"2023-03-27T20:55:48","date_gmt":"2023-03-27T18:55:48","guid":{"rendered":"https:\/\/archeoparkvsestary.cz\/?page_id=253"},"modified":"2024-03-09T16:22:47","modified_gmt":"2024-03-09T15:22:47","slug":"krasa-praveke-keramiky","status":"publish","type":"page","link":"https:\/\/archeoparkvsestary.cz\/?page_id=253","title":{"rendered":"Kr\u00e1sa prav\u011bk\u00e9 keramiky"},"content":{"rendered":"\n<p><strong>Popis programu: <\/strong>Kdy se v&nbsp;na\u0161em prav\u011bku poprv\u00e9 objevil keramick\u00fd p\u0159edm\u011bt, kdy prvn\u00ed n\u00e1doby a kdy se poprv\u00e9 pou\u017eil hrn\u010d\u00ed\u0159sk\u00fd kruh? Jak na\u0161i p\u0159edci p\u0159ipravovali hl\u00ednu k&nbsp;v\u00fdrob\u011b keramiky, jak keramiku tvarovali a jak ji zdobili? K&nbsp;\u010demu keramick\u00e9 p\u0159edm\u011bty pou\u017e\u00edvali? V\u0161e se dozv\u00edte a je\u0161t\u011b si leccos vyzkou\u0161\u00edte. T\u0159eba malov\u00e1n\u00ed keramiky, modelov\u00e1n\u00ed plastiky i tvarov\u00e1n\u00ed n\u00e1dobky (podle zru\u010dnosti a v\u011bku d\u011bt\u00ed). V\u00fdrobky se modeluj\u00ed ze samo-tvrdnouc\u00ed hmoty, kterou si d\u011bti odv\u00e1\u017eej\u00ed ve vlhk\u00e9m stavu.<\/p>\n\n\n\n<p>Program prob\u00edh\u00e1 v&nbsp;interi\u00e9ru.<\/p>\n\n\n\n<p><em>Nejedn\u00e1 se o prohl\u00eddku cel\u00e9ho muzea.<\/em><\/p>\n\n\n\n<figure class=\"wp-block-gallery has-nested-images columns-default is-cropped wp-block-gallery-1 is-layout-flex wp-block-gallery-is-layout-flex\">\n<figure class=\"wp-block-image size-large is-style-rounded\"><a href=\"http:\/\/archeoparkvsestary.cz\/wp-content\/uploads\/2024\/03\/program9_1.jpg\"><img loading=\"lazy\" decoding=\"async\" width=\"1024\" height=\"768\" data-id=\"1544\" src=\"http:\/\/archeoparkvsestary.cz\/wp-content\/uploads\/2024\/03\/program9_1-1024x768.jpg\" alt=\"\" class=\"wp-image-1544\" srcset=\"https:\/\/archeoparkvsestary.cz\/wp-content\/uploads\/2024\/03\/program9_1-1024x768.jpg 1024w, https:\/\/archeoparkvsestary.cz\/wp-content\/uploads\/2024\/03\/program9_1-300x225.jpg 300w, https:\/\/archeoparkvsestary.cz\/wp-content\/uploads\/2024\/03\/program9_1-768x576.jpg 768w, https:\/\/archeoparkvsestary.cz\/wp-content\/uploads\/2024\/03\/program9_1-1140x855.jpg 1140w, https:\/\/archeoparkvsestary.cz\/wp-content\/uploads\/2024\/03\/program9_1.jpg 1200w\" sizes=\"auto, (max-width: 1024px) 100vw, 1024px\" \/><\/a><\/figure>\n\n\n\n<figure class=\"wp-block-image size-large is-style-rounded\"><a href=\"http:\/\/archeoparkvsestary.cz\/wp-content\/uploads\/2024\/03\/program9_2.jpg\"><img loading=\"lazy\" decoding=\"async\" width=\"1024\" height=\"768\" data-id=\"1545\" src=\"http:\/\/archeoparkvsestary.cz\/wp-content\/uploads\/2024\/03\/program9_2-1024x768.jpg\" alt=\"\" class=\"wp-image-1545\" srcset=\"https:\/\/archeoparkvsestary.cz\/wp-content\/uploads\/2024\/03\/program9_2-1024x768.jpg 1024w, https:\/\/archeoparkvsestary.cz\/wp-content\/uploads\/2024\/03\/program9_2-300x225.jpg 300w, https:\/\/archeoparkvsestary.cz\/wp-content\/uploads\/2024\/03\/program9_2-768x576.jpg 768w, https:\/\/archeoparkvsestary.cz\/wp-content\/uploads\/2024\/03\/program9_2-1140x855.jpg 1140w, https:\/\/archeoparkvsestary.cz\/wp-content\/uploads\/2024\/03\/program9_2.jpg 1200w\" sizes=\"auto, (max-width: 1024px) 100vw, 1024px\" \/><\/a><\/figure>\n\n\n\n<figure class=\"wp-block-image size-large is-style-rounded\"><a href=\"http:\/\/archeoparkvsestary.cz\/wp-content\/uploads\/2024\/03\/program9_3.jpg\"><img loading=\"lazy\" decoding=\"async\" width=\"1024\" height=\"768\" data-id=\"1546\" src=\"http:\/\/archeoparkvsestary.cz\/wp-content\/uploads\/2024\/03\/program9_3-1024x768.jpg\" alt=\"\" class=\"wp-image-1546\" srcset=\"https:\/\/archeoparkvsestary.cz\/wp-content\/uploads\/2024\/03\/program9_3-1024x768.jpg 1024w, https:\/\/archeoparkvsestary.cz\/wp-content\/uploads\/2024\/03\/program9_3-300x225.jpg 300w, https:\/\/archeoparkvsestary.cz\/wp-content\/uploads\/2024\/03\/program9_3-768x576.jpg 768w, https:\/\/archeoparkvsestary.cz\/wp-content\/uploads\/2024\/03\/program9_3-1140x855.jpg 1140w, https:\/\/archeoparkvsestary.cz\/wp-content\/uploads\/2024\/03\/program9_3.jpg 1200w\" sizes=\"auto, (max-width: 1024px) 100vw, 1024px\" \/><\/a><\/figure>\n<\/figure>\n","protected":false},"excerpt":{"rendered":"<p>Popis programu: Kdy se v&nbsp;na\u0161em prav\u011bku poprv\u00e9 objevil keramick\u00fd p\u0159edm\u011bt, kdy prvn\u00ed n\u00e1doby a kdy se poprv\u00e9 pou\u017eil hrn\u010d\u00ed\u0159sk\u00fd kruh? Jak na\u0161i p\u0159edci p\u0159ipravovali hl\u00ednu k&nbsp;v\u00fdrob\u011b keramiky, jak keramiku tvarovali a jak ji zdobili? K&nbsp;\u010demu keramick\u00e9 p\u0159edm\u011bty pou\u017e\u00edvali? V\u0161e se dozv\u00edte a je\u0161t\u011b si leccos vyzkou\u0161\u00edte. T\u0159eba malov\u00e1n\u00ed keramiky, modelov\u00e1n\u00ed plastiky i tvarov\u00e1n\u00ed n\u00e1dobky (podle zru\u010dnosti a v\u011bku d\u011bt\u00ed). V\u00fdrobky se modeluj\u00ed ze samo-tvrdnouc\u00ed hmoty, kterou si d\u011bti odv\u00e1\u017eej\u00ed ve vlhk\u00e9m stavu. Program prob\u00edh\u00e1 v&nbsp;interi\u00e9ru. Nejedn\u00e1 se o prohl\u00eddku cel\u00e9ho muzea.<\/p>\n","protected":false},"author":1,"featured_media":0,"parent":46,"menu_order":9,"comment_status":"closed","ping_status":"closed","template":"","meta":{"_monsterinsights_skip_tracking":false,"_monsterinsights_sitenote_active":false,"_monsterinsights_sitenote_note":"","_monsterinsights_sitenote_category":0,"footnotes":""},"class_list":["post-253","page","type-page","status-publish","hentry"],"yoast_head":"<!-- This site is optimized with the Yoast SEO plugin v26.7 - https:\/\/yoast.com\/wordpress\/plugins\/seo\/ -->\n<title>Kr\u00e1sa prav\u011bk\u00e9 keramiky - Archeopark prav\u011bku V\u0161estary<\/title>\n<meta name=\"robots\" content=\"index, follow, max-snippet:-1, max-image-preview:large, max-video-preview:-1\" \/>\n<link rel=\"canonical\" href=\"https:\/\/archeoparkvsestary.cz\/?page_id=253\" \/>\n<meta property=\"og:locale\" content=\"cs_CZ\" \/>\n<meta property=\"og:type\" content=\"article\" \/>\n<meta property=\"og:title\" content=\"Kr\u00e1sa prav\u011bk\u00e9 keramiky - Archeopark prav\u011bku V\u0161estary\" \/>\n<meta property=\"og:description\" content=\"Popis programu: Kdy se v&nbsp;na\u0161em prav\u011bku poprv\u00e9 objevil keramick\u00fd p\u0159edm\u011bt, kdy prvn\u00ed n\u00e1doby a kdy se poprv\u00e9 pou\u017eil hrn\u010d\u00ed\u0159sk\u00fd kruh? Jak na\u0161i p\u0159edci p\u0159ipravovali hl\u00ednu k&nbsp;v\u00fdrob\u011b keramiky, jak keramiku tvarovali a jak ji zdobili? K&nbsp;\u010demu keramick\u00e9 p\u0159edm\u011bty pou\u017e\u00edvali? V\u0161e se dozv\u00edte a je\u0161t\u011b si leccos vyzkou\u0161\u00edte. T\u0159eba malov\u00e1n\u00ed keramiky, modelov\u00e1n\u00ed plastiky i tvarov\u00e1n\u00ed n\u00e1dobky (podle zru\u010dnosti a v\u011bku d\u011bt\u00ed). V\u00fdrobky se modeluj\u00ed ze samo-tvrdnouc\u00ed hmoty, kterou si d\u011bti odv\u00e1\u017eej\u00ed ve vlhk\u00e9m stavu. Program prob\u00edh\u00e1 v&nbsp;interi\u00e9ru. Nejedn\u00e1 se o prohl\u00eddku cel\u00e9ho muzea.\" \/>\n<meta property=\"og:url\" content=\"https:\/\/archeoparkvsestary.cz\/?page_id=253\" \/>\n<meta property=\"og:site_name\" content=\"Archeopark prav\u011bku V\u0161estary\" \/>\n<meta property=\"article:publisher\" content=\"https:\/\/www.facebook.com\/archeoparkvsestary\/\" \/>\n<meta property=\"article:modified_time\" content=\"2024-03-09T15:22:47+00:00\" \/>\n<meta property=\"og:image\" content=\"http:\/\/archeoparkvsestary.cz\/wp-content\/uploads\/2024\/03\/program9_1-1024x768.jpg\" \/>\n<meta name=\"twitter:card\" content=\"summary_large_image\" \/>\n<meta name=\"twitter:label1\" content=\"Odhadovan\u00e1 doba \u010dten\u00ed\" \/>\n\t<meta name=\"twitter:data1\" content=\"2 minuty\" \/>\n<script type=\"application\/ld+json\" class=\"yoast-schema-graph\">{\"@context\":\"https:\/\/schema.org\",\"@graph\":[{\"@type\":\"WebPage\",\"@id\":\"https:\/\/archeoparkvsestary.cz\/?page_id=253\",\"url\":\"https:\/\/archeoparkvsestary.cz\/?page_id=253\",\"name\":\"Kr\u00e1sa prav\u011bk\u00e9 keramiky - Archeopark prav\u011bku V\u0161estary\",\"isPartOf\":{\"@id\":\"https:\/\/archeoparkvsestary.cz\/#website\"},\"primaryImageOfPage\":{\"@id\":\"https:\/\/archeoparkvsestary.cz\/?page_id=253#primaryimage\"},\"image\":{\"@id\":\"https:\/\/archeoparkvsestary.cz\/?page_id=253#primaryimage\"},\"thumbnailUrl\":\"http:\/\/archeoparkvsestary.cz\/wp-content\/uploads\/2024\/03\/program9_1-1024x768.jpg\",\"datePublished\":\"2023-03-27T18:55:48+00:00\",\"dateModified\":\"2024-03-09T15:22:47+00:00\",\"breadcrumb\":{\"@id\":\"https:\/\/archeoparkvsestary.cz\/?page_id=253#breadcrumb\"},\"inLanguage\":\"cs\",\"potentialAction\":[{\"@type\":\"ReadAction\",\"target\":[\"https:\/\/archeoparkvsestary.cz\/?page_id=253\"]}]},{\"@type\":\"ImageObject\",\"inLanguage\":\"cs\",\"@id\":\"https:\/\/archeoparkvsestary.cz\/?page_id=253#primaryimage\",\"url\":\"https:\/\/archeoparkvsestary.cz\/wp-content\/uploads\/2024\/03\/program9_1.jpg\",\"contentUrl\":\"https:\/\/archeoparkvsestary.cz\/wp-content\/uploads\/2024\/03\/program9_1.jpg\",\"width\":1200,\"height\":900},{\"@type\":\"BreadcrumbList\",\"@id\":\"https:\/\/archeoparkvsestary.cz\/?page_id=253#breadcrumb\",\"itemListElement\":[{\"@type\":\"ListItem\",\"position\":1,\"name\":\"Home\",\"item\":\"https:\/\/archeoparkvsestary.cz\/\"},{\"@type\":\"ListItem\",\"position\":2,\"name\":\"Pro \u0161koly\",\"item\":\"http:\/\/archeoparkvsestary.cz\/?page_id=33\"},{\"@type\":\"ListItem\",\"position\":3,\"name\":\"Nab\u00eddka program\u016f\",\"item\":\"http:\/\/archeoparkvsestary.cz\/?page_id=46\"},{\"@type\":\"ListItem\",\"position\":4,\"name\":\"Kr\u00e1sa prav\u011bk\u00e9 keramiky\"}]},{\"@type\":\"WebSite\",\"@id\":\"https:\/\/archeoparkvsestary.cz\/#website\",\"url\":\"https:\/\/archeoparkvsestary.cz\/\",\"name\":\"Archeopark prav\u011bku V\u0161estary\",\"description\":\"Archeopark prav\u011bku V\u0161estary\",\"publisher\":{\"@id\":\"https:\/\/archeoparkvsestary.cz\/#organization\"},\"potentialAction\":[{\"@type\":\"SearchAction\",\"target\":{\"@type\":\"EntryPoint\",\"urlTemplate\":\"https:\/\/archeoparkvsestary.cz\/?s={search_term_string}\"},\"query-input\":{\"@type\":\"PropertyValueSpecification\",\"valueRequired\":true,\"valueName\":\"search_term_string\"}}],\"inLanguage\":\"cs\"},{\"@type\":\"Organization\",\"@id\":\"https:\/\/archeoparkvsestary.cz\/#organization\",\"name\":\"Archeopark prav\u011bku V\u0161estary\",\"url\":\"https:\/\/archeoparkvsestary.cz\/\",\"logo\":{\"@type\":\"ImageObject\",\"inLanguage\":\"cs\",\"@id\":\"https:\/\/archeoparkvsestary.cz\/#\/schema\/logo\/image\/\",\"url\":\"https:\/\/archeoparkvsestary.cz\/wp-content\/uploads\/2023\/03\/logo_archeopark_nadoba.jpg\",\"contentUrl\":\"https:\/\/archeoparkvsestary.cz\/wp-content\/uploads\/2023\/03\/logo_archeopark_nadoba.jpg\",\"width\":300,\"height\":279,\"caption\":\"Archeopark prav\u011bku V\u0161estary\"},\"image\":{\"@id\":\"https:\/\/archeoparkvsestary.cz\/#\/schema\/logo\/image\/\"},\"sameAs\":[\"https:\/\/www.facebook.com\/archeoparkvsestary\/\"]}]}<\/script>\n<!-- \/ Yoast SEO plugin. -->","yoast_head_json":{"title":"Kr\u00e1sa prav\u011bk\u00e9 keramiky - Archeopark prav\u011bku V\u0161estary","robots":{"index":"index","follow":"follow","max-snippet":"max-snippet:-1","max-image-preview":"max-image-preview:large","max-video-preview":"max-video-preview:-1"},"canonical":"https:\/\/archeoparkvsestary.cz\/?page_id=253","og_locale":"cs_CZ","og_type":"article","og_title":"Kr\u00e1sa prav\u011bk\u00e9 keramiky - Archeopark prav\u011bku V\u0161estary","og_description":"Popis programu: Kdy se v&nbsp;na\u0161em prav\u011bku poprv\u00e9 objevil keramick\u00fd p\u0159edm\u011bt, kdy prvn\u00ed n\u00e1doby a kdy se poprv\u00e9 pou\u017eil hrn\u010d\u00ed\u0159sk\u00fd kruh? Jak na\u0161i p\u0159edci p\u0159ipravovali hl\u00ednu k&nbsp;v\u00fdrob\u011b keramiky, jak keramiku tvarovali a jak ji zdobili? K&nbsp;\u010demu keramick\u00e9 p\u0159edm\u011bty pou\u017e\u00edvali? V\u0161e se dozv\u00edte a je\u0161t\u011b si leccos vyzkou\u0161\u00edte. T\u0159eba malov\u00e1n\u00ed keramiky, modelov\u00e1n\u00ed plastiky i tvarov\u00e1n\u00ed n\u00e1dobky (podle zru\u010dnosti a v\u011bku d\u011bt\u00ed). V\u00fdrobky se modeluj\u00ed ze samo-tvrdnouc\u00ed hmoty, kterou si d\u011bti odv\u00e1\u017eej\u00ed ve vlhk\u00e9m stavu. Program prob\u00edh\u00e1 v&nbsp;interi\u00e9ru. Nejedn\u00e1 se o prohl\u00eddku cel\u00e9ho muzea.","og_url":"https:\/\/archeoparkvsestary.cz\/?page_id=253","og_site_name":"Archeopark prav\u011bku V\u0161estary","article_publisher":"https:\/\/www.facebook.com\/archeoparkvsestary\/","article_modified_time":"2024-03-09T15:22:47+00:00","og_image":[{"url":"http:\/\/archeoparkvsestary.cz\/wp-content\/uploads\/2024\/03\/program9_1-1024x768.jpg","type":"","width":"","height":""}],"twitter_card":"summary_large_image","twitter_misc":{"Odhadovan\u00e1 doba \u010dten\u00ed":"2 minuty"},"schema":{"@context":"https:\/\/schema.org","@graph":[{"@type":"WebPage","@id":"https:\/\/archeoparkvsestary.cz\/?page_id=253","url":"https:\/\/archeoparkvsestary.cz\/?page_id=253","name":"Kr\u00e1sa prav\u011bk\u00e9 keramiky - Archeopark prav\u011bku V\u0161estary","isPartOf":{"@id":"https:\/\/archeoparkvsestary.cz\/#website"},"primaryImageOfPage":{"@id":"https:\/\/archeoparkvsestary.cz\/?page_id=253#primaryimage"},"image":{"@id":"https:\/\/archeoparkvsestary.cz\/?page_id=253#primaryimage"},"thumbnailUrl":"http:\/\/archeoparkvsestary.cz\/wp-content\/uploads\/2024\/03\/program9_1-1024x768.jpg","datePublished":"2023-03-27T18:55:48+00:00","dateModified":"2024-03-09T15:22:47+00:00","breadcrumb":{"@id":"https:\/\/archeoparkvsestary.cz\/?page_id=253#breadcrumb"},"inLanguage":"cs","potentialAction":[{"@type":"ReadAction","target":["https:\/\/archeoparkvsestary.cz\/?page_id=253"]}]},{"@type":"ImageObject","inLanguage":"cs","@id":"https:\/\/archeoparkvsestary.cz\/?page_id=253#primaryimage","url":"https:\/\/archeoparkvsestary.cz\/wp-content\/uploads\/2024\/03\/program9_1.jpg","contentUrl":"https:\/\/archeoparkvsestary.cz\/wp-content\/uploads\/2024\/03\/program9_1.jpg","width":1200,"height":900},{"@type":"BreadcrumbList","@id":"https:\/\/archeoparkvsestary.cz\/?page_id=253#breadcrumb","itemListElement":[{"@type":"ListItem","position":1,"name":"Home","item":"https:\/\/archeoparkvsestary.cz\/"},{"@type":"ListItem","position":2,"name":"Pro \u0161koly","item":"http:\/\/archeoparkvsestary.cz\/?page_id=33"},{"@type":"ListItem","position":3,"name":"Nab\u00eddka program\u016f","item":"http:\/\/archeoparkvsestary.cz\/?page_id=46"},{"@type":"ListItem","position":4,"name":"Kr\u00e1sa prav\u011bk\u00e9 keramiky"}]},{"@type":"WebSite","@id":"https:\/\/archeoparkvsestary.cz\/#website","url":"https:\/\/archeoparkvsestary.cz\/","name":"Archeopark prav\u011bku V\u0161estary","description":"Archeopark prav\u011bku V\u0161estary","publisher":{"@id":"https:\/\/archeoparkvsestary.cz\/#organization"},"potentialAction":[{"@type":"SearchAction","target":{"@type":"EntryPoint","urlTemplate":"https:\/\/archeoparkvsestary.cz\/?s={search_term_string}"},"query-input":{"@type":"PropertyValueSpecification","valueRequired":true,"valueName":"search_term_string"}}],"inLanguage":"cs"},{"@type":"Organization","@id":"https:\/\/archeoparkvsestary.cz\/#organization","name":"Archeopark prav\u011bku V\u0161estary","url":"https:\/\/archeoparkvsestary.cz\/","logo":{"@type":"ImageObject","inLanguage":"cs","@id":"https:\/\/archeoparkvsestary.cz\/#\/schema\/logo\/image\/","url":"https:\/\/archeoparkvsestary.cz\/wp-content\/uploads\/2023\/03\/logo_archeopark_nadoba.jpg","contentUrl":"https:\/\/archeoparkvsestary.cz\/wp-content\/uploads\/2023\/03\/logo_archeopark_nadoba.jpg","width":300,"height":279,"caption":"Archeopark prav\u011bku V\u0161estary"},"image":{"@id":"https:\/\/archeoparkvsestary.cz\/#\/schema\/logo\/image\/"},"sameAs":["https:\/\/www.facebook.com\/archeoparkvsestary\/"]}]}},"_links":{"self":[{"href":"https:\/\/archeoparkvsestary.cz\/index.php?rest_route=\/wp\/v2\/pages\/253","targetHints":{"allow":["GET"]}}],"collection":[{"href":"https:\/\/archeoparkvsestary.cz\/index.php?rest_route=\/wp\/v2\/pages"}],"about":[{"href":"https:\/\/archeoparkvsestary.cz\/index.php?rest_route=\/wp\/v2\/types\/page"}],"author":[{"embeddable":true,"href":"https:\/\/archeoparkvsestary.cz\/index.php?rest_route=\/wp\/v2\/users\/1"}],"replies":[{"embeddable":true,"href":"https:\/\/archeoparkvsestary.cz\/index.php?rest_route=%2Fwp%2Fv2%2Fcomments&post=253"}],"version-history":[{"count":5,"href":"https:\/\/archeoparkvsestary.cz\/index.php?rest_route=\/wp\/v2\/pages\/253\/revisions"}],"predecessor-version":[{"id":1547,"href":"https:\/\/archeoparkvsestary.cz\/index.php?rest_route=\/wp\/v2\/pages\/253\/revisions\/1547"}],"up":[{"embeddable":true,"href":"https:\/\/archeoparkvsestary.cz\/index.php?rest_route=\/wp\/v2\/pages\/46"}],"wp:attachment":[{"href":"https:\/\/archeoparkvsestary.cz\/index.php?rest_route=%2Fwp%2Fv2%2Fmedia&parent=253"}],"curies":[{"name":"wp","href":"https:\/\/api.w.org\/{rel}","templated":true}]}}